{"id":2092,"date":"2025-03-18T19:51:02","date_gmt":"2025-03-18T17:51:02","guid":{"rendered":"https:\/\/www.llibreriasantjordi.cat\/?post_type=product&#038;p=2092"},"modified":"2025-05-13T20:05:50","modified_gmt":"2025-05-13T18:05:50","slug":"el-nino-que-perdio-la-guerra","status":"publish","type":"product","link":"https:\/\/www.llibreriasantjordi.cat\/es\/producte\/el-nino-que-perdio-la-guerra\/","title":{"rendered":"El ni\u00f1o que perdi\u00f3 la guerra"},"content":{"rendered":"<div class=\"wpb-content-wrapper\"><p>[vc_row css_animation=\u00bb\u00bb row_type=\u00bbrow\u00bb use_row_as_full_screen_section=\u00bbno\u00bb type=\u00bbfull_width\u00bb angled_section=\u00bbno\u00bb text_align=\u00bbleft\u00bb background_image_as_pattern=\u00bbwithout_pattern\u00bb][vc_column][vc_column_text css=\u00bb\u00bb]<strong>Editorial:<\/strong> Plaza&amp;Janes<br \/>\n<strong>ISBN:<\/strong> 9788401027970<br \/>\n<strong>Idioma:<\/strong> Castellano<br \/>\n<strong>N\u00famero de p\u00e1ginas:<\/strong> 640<br \/>\n<strong>Encuadernaci\u00f3n:<\/strong> Tapa dura<br \/>\n<strong>Fecha de publicaci\u00f3n:<\/strong> 05\/09\/2024[\/vc_column_text][\/vc_column][\/vc_row]<\/p>\n<\/div>","protected":false},"excerpt":{"rendered":"<p>Un ni\u00f1o. Dos pa\u00edses.<\/p>\n<p>&nbsp;<\/p>\n<p>Una emocionante y ambiciosa novela sobre la identidad y el poder abrumador de la cultura que nos muestra que, incluso en los rincones m\u00e1s oscuros de la Historia, la vida se abre paso.<\/p>\n<p>&nbsp;<\/p>\n<p>Madrid, invierno de 1938<\/p>\n<p>Clotilde, una artista gr\u00e1fica que dibuja caricaturas para los peri\u00f3dicos republicanos, asiste a Madrid en los \u00faltimos meses de la Guerra Civil. Boris Petrov emprenda este arriesgado viaje por una Espa\u00f1a en llamas para cumplir con el deseo de su camarada de llevar a Pablo a la Uni\u00f3n Sovi\u00e9tica, donde Stalin est\u00e1 levantando un nuevo pa\u00eds sobre las ruinas del antiguo r\u00e9gimen.<\/p>\n<p>&nbsp;<\/p>\n<p>Mosc\u00fa, primavera de 1939<\/p>\n<p>All\u00ed es recibido por su nueva familia que, conmovida por su tr\u00e1gico exilio, acoge con cari\u00f1o a un ni\u00f1o exhausto y enfermo. Stalin-, Anya ama la poes\u00eda y la m\u00fasica, aficiones sospechosas y burguesas a los ojos del poder.<\/p>\n<p>&nbsp;<\/p>\n<p>Pablo crece entre el recuerdo cada vez m\u00e1s tenue de su madre, que no deja de ver su af\u00e1n por recuperarlo, y el cari\u00f1o de Anya, que le transmite su amor por la m\u00fasica, la literatura y sus deseos de libertad.<\/p>\n<p>&nbsp;<\/p>\n<p>Puede perderse una guerra, pero se puede ganar la libertad. <a class=\"continue\" href=\"https:\/\/www.llibreriasantjordi.cat\/es\/producte\/el-nino-que-perdio-la-guerra\/\">CONTINUAR >><span> El ni\u00f1o que perdi\u00f3 la guerra<\/span><\/a><\/p>\n","protected":false},"featured_media":1719,"template":"","meta":{"_joinchat":[]},"product_brand":[],"product_cat":[172,182],"product_tag":[266],"class_list":{"0":"post-2092","1":"product","2":"type-product","3":"status-publish","4":"has-post-thumbnail","6":"product_cat-castellano","7":"product_cat-ficcion","8":"product_tag-julia-navarro-es","10":"first","11":"instock","12":"taxable","13":"shipping-taxable","14":"purchasable","15":"product-type-simple"},"_links":{"self":[{"href":"https:\/\/www.llibreriasantjordi.cat\/es\/wp-json\/wp\/v2\/product\/2092","targetHints":{"allow":["GET"]}}],"collection":[{"href":"https:\/\/www.llibreriasantjordi.cat\/es\/wp-json\/wp\/v2\/product"}],"about":[{"href":"https:\/\/www.llibreriasantjordi.cat\/es\/wp-json\/wp\/v2\/types\/product"}],"wp:featuredmedia":[{"embeddable":true,"href":"https:\/\/www.llibreriasantjordi.cat\/es\/wp-json\/wp\/v2\/media\/1719"}],"wp:attachment":[{"href":"https:\/\/www.llibreriasantjordi.cat\/es\/wp-json\/wp\/v2\/media?parent=2092"}],"wp:term":[{"taxonomy":"product_brand","embeddable":true,"href":"https:\/\/www.llibreriasantjordi.cat\/es\/wp-json\/wp\/v2\/product_brand?post=2092"},{"taxonomy":"product_cat","embeddable":true,"href":"https:\/\/www.llibreriasantjordi.cat\/es\/wp-json\/wp\/v2\/product_cat?post=2092"},{"taxonomy":"product_tag","embeddable":true,"href":"https:\/\/www.llibreriasantjordi.cat\/es\/wp-json\/wp\/v2\/product_tag?post=2092"}],"curies":[{"name":"wp","href":"https:\/\/api.w.org\/{rel}","templated":true}]}}

El niño que perdió la guerra

<div class="wpb-content-wrapper"><p>[vc_row css_animation=»» row_type=»row» use_row_as_full_screen_section=»no» type=»full_width» angled_section=»no» text_align=»left» background_image_as_pattern=»without_pattern»][vc_column][vc_column_text css=»»]<strong>Editorial:</strong> Plaza&amp;Janes<br />
<strong>ISBN:</strong> 9788401027970<br />
<strong>Idioma:</strong> Castellano<br />
<strong>Número de páginas:</strong> 640<br />
<strong>Encuadernación:</strong> Tapa dura<br />
<strong>Fecha de publicación:</strong> 05/09/2024[/vc_column_text][/vc_column][/vc_row]</p>
</div>

<p>Un niño. Dos países.</p>
<p>&nbsp;</p>
<p>Una emocionante y ambiciosa novela sobre la identidad y el poder abrumador de la cultura que nos muestra que, incluso en los rincones más oscuros de la Historia, la vida se abre paso.</p>
<p>&nbsp;</p>
<p>Madrid, invierno de 1938</p>
<p>Clotilde, una artista gráfica que dibuja caricaturas para los periódicos republicanos, asiste a Madrid en los últimos meses de la Guerra Civil. Boris Petrov emprenda este arriesgado viaje por una España en llamas para cumplir con el deseo de su camarada de llevar a Pablo a la Unión Soviética, donde Stalin está levantando un nuevo país sobre las ruinas del antiguo régimen.</p>
<p>&nbsp;</p>
<p>Moscú, primavera de 1939</p>
<p>Allí es recibido por su nueva familia que, conmovida por su trágico exilio, acoge con cariño a un niño exhausto y enfermo. Stalin-, Anya ama la poesía y la música, aficiones sospechosas y burguesas a los ojos del poder.</p>
<p>&nbsp;</p>
<p>Pablo crece entre el recuerdo cada vez más tenue de su madre, que no deja de ver su afán por recuperarlo, y el cariño de Anya, que le transmite su amor por la música, la literatura y sus deseos de libertad.</p>
<p>&nbsp;</p>
<p>Puede perderse una guerra, pero se puede ganar la libertad. <a class="continue" href="https://www.llibreriasantjordi.cat/es/producte/el-nino-que-perdio-la-guerra/">CONTINUAR >><span> El niño que perdió la guerra</span></a></p>
